t the prime factors of r.
2, 5, 7
Suppose 0 = 5*x - 25, -b + x - 15 = -6*b. Suppose b*q = -535 + 1629. Suppose 4*c - q = 181. List the prime factors of c.
2, 7, 13
What are the prime factors of 2/(-5)*-3490 + 10?
2, 19, 37
Let r be 8/(-5)*215/(-2). Suppose -5*g = -r - 1328. List the prime factors of ((-1)/(-5)*2)/(2/g).
2, 3, 5
Let q(u) = -u**3 - u**2 + u + 1. Let p be q(1). Suppose -5*b + b + 1912 = p. List the prime factors of b.
2, 239
Let p = -370 - -1782. What are the prime factors of p?
2, 353
Let q(k) = -k**2 - 3*k - 16. Let d = 27 - 27. Let b be q(d). Let v = -9 - b. List the prime factors of v.
7
Let g(z) = 12*z**2 - 64*z + 776. List the prime factors of g(16).
2, 353
Suppose 4*q = 5*q + 5. Let f(k) = -k**3 - 5*k**2 - 3*k - 11. Let s be f(q). Suppose 0 = 2*l + l + 3*y - 129, -3*y = -s*l + 137. What are the prime factors of l?
2, 19
Let c(m) = 241*m**2 + 8*m + 10. Let g(d) = -16*d + 14. Let p be g(1). What are the prime factors of c(p)?
2, 479
Suppose -2*c = -2*v - 24, 7*c - 3*c - 45 = 5*v. Let x(j) = -19 + 2*j**2 + 0*j**2 + j**2 - 10*j - 2*j**2. List the prime factors of x(c).
2, 7
Let c = 67 - 113. Let z = 133 + c. List the prime factors of z.
3, 29
Suppose -16*p = 20*p - 62208. Let l = p + -404. List the prime factors of l.
2, 331
Suppose 66271 = 28*a - 92629. List the prime factors of a.
5, 227
Suppose 31*s = 3*s + 36624. Suppose 15*n = 19*n - s. List the prime factors of n.
3, 109
Suppose -146629 = -34*y + 10553. List the prime factors of y.
3, 23, 67
Let a = -43 + 41. Let u be (a + 0)*(-9 - -7). Suppose -393 + 65 = -u*v. What are the prime factors of v?
2, 41
Let d be (-32)/(-10) - (-56)/70. Let n(g) = 80*g**2 + 2*g - 9. List the prime factors of n(d).
1279
Suppose 10 = -13*j + 49. Suppose -j*a - 4 = 2*v, -2*v = -2*a + 7 + 7. What are the prime factors of (415/249)/(a/(-360)*-2)?
2, 3, 5
Let i(n) = -n**2 + 16*n - 108. Let b(r) = -r**2 + 8*r - 54. Let s(y) = -5*b(y) + 2*i(y). What are the prime factors of s(14)?
2, 5, 53
Let q(b) = -15*b**2 - 37*b - 50*b + 5*b**3 + 99*b + 13. List the prime factors of q(6).
5
Suppose l - 2*u = -6, 0 = -3*l + 4*u - 8 - 0. Suppose 58 = 2*f - f - 5*c, 0 = -l*f + 2*c + 142. Let k = 89 - f. List the prime factors of k.
2, 7
Let u(z) = -z**3 - 16*z**2 + 9*z + 60. Suppose -74 = 5*i + 16. What are the prime factors of u(i)?
2, 3, 7, 13
Suppose 2*p = v + 254, 2*v + 2*v + 1027 = -3*p. Let l = v - -636. List the prime factors of l.
2, 5, 19
Let m = -29 + 39. Suppose 0 = 5*k - 30 + m. Suppose 373 = 3*g + k*w, -3*w - 2*w + 625 = 5*g. List the prime factors of g.
127
Let k = 39 - 39. Suppose w + 3 - 177 = k. Let o = w + -78. What are the prime factors of o?
2, 3
Let y(n) = -7*n + 116. Let q be y(17). Let z = -117 - 15. What are the prime factors of 5 + -4 - q/((-9)/z)?
3, 5
Let s be ((-5)/((-30)/(-2)))/(1/(-6)). List the prime factors of s + 831 + (-8)/2.
829
Let w be -17 + 36/6 + -3. Let r(n) = 2*n**2 + 8*n + 19. What are the prime factors of r(w)?
13, 23
Let y = 43 + -45. Let v be y/(-4)*(14 - 1)*106. Suppose 6*t - v - 103 = 0. What are the prime factors of t?
2, 3, 11
Let o be (-891)/(-39) + (-18)/(-117). Let k = o - 9. List the prime factors of -9*(-30)/(-105)*k/(-3).
2, 3
Suppose x + 3*t = 4 - 2, 2 = -2*t. Suppose -g - 65 = 4*g + x*a, 4*g - 4*a + 20 = 0. List the prime factors of (34 - -2)/4*(-69)/g.
3, 23
Suppose -1517 - 666 = -h + j, -j + 8712 = 4*h. Suppose 24*r - 1949 = h. List the prime factors of r.
2, 43
Let z(w) = -158*w**2 - w + 8. Let o(u) = -u + 1. Let g(c) = 5*o(c) - z(c). List the prime factors of g(-1).
3, 53
Let i be (-1)/(-2) - (-30)/20. Let x(g) = 4*g - 14. Let l be x(i). List the prime factors of ((l/(-6))/((-3)/39))/(-1).
13
Let z(i) = i + 2. Let s be z(1). Suppose -5*k = -5*h, k - s*k = 5*h - 28. Suppose 0 = 4*r + 4*l - 0*l - 172, -k*r - 5*l + 170 = 0. List the prime factors of r.
3, 5
Suppose b + 3*v + 21 = 0, -54 = -3*b + 5*b + 2*v. Let h be 1 + 8/5 - 12/b. What are the prime factors of ((-14256)/(-20))/6 + h/15?
7, 17
Let d(n) = -2*n**2 + n - 14. Let l be d(11). List the prime factors of (-93170)/l - (-4)/(-14).
2, 5, 19
Let n be 1*-28 - (137 - 149). Let v(t) be the third derivative of -t**6/120 - 3*t**5/10 - 11*t**4/8 + 19*t**3/6 - t**2. List the prime factors of v(n).
5, 7
Suppose 0 = 16*j - 330 - 214. What are the prime factors of (-1*(-514)/4)/(17/j)?
257
Suppose -3*l = x - 9, 3*x - 6 = 3. Suppose 4 = 4*u + l*g, 6*u - 5*g = u + 20. Suppose -218 = -4*h + u*q, 0*h + 4*q + 277 = 5*h. List the prime factors of h.
53
Suppose -5*b + 10 + 10 = -3*z, -2*z = -2*b + 8. Suppose 0*r - 1526 = -b*r + 2*m, -m = r - 386. Suppose -4*o + 141 + r = 0. List the prime factors of o.
131
What are the prime factors of ((-2)/8)/(6/(-2799960)*5)?
23333
Let h(k) = -414*k + 34. Let r be h(9). What are the prime factors of -3 - 91/(-35) - r/5?
2, 3, 41
List the prime factors of 8295*(-1)/(0 - (-10)/(-8)).
2, 3, 7, 79
Let b(t) be the second derivative of -t**3/3 - 2*t**2 + t. Suppose 3*j - 13*j - 30 + 0 = 0. What are the prime factors of b(j)?
2
What are the prime factors of (-774710)/(-170) + -1*(3 - (-147)/(-51))?
3, 7, 31
Suppose 0 = 3*q - 70827 - 5679. What are the prime factors of q?
2, 41, 311
Let l = 31 - 26. List the prime factors of (l - 11/((-66)/(-24)))*36.
2, 3
Let m(w) = 4*w**2 + 5*w - 18. Let y(u) = 2*u**3 + 10*u**2 - 10*u - 6. Let i be y(-5). Let x = 36 - i. List the prime factors of m(x).
2, 3, 11
Suppose -6*t - 31 - 113 = 0. Let o be (-3)/t + 175/8. Let w = o + 85. What are the prime factors of w?
107
Let x(v) be the second derivative of v**4/12 - v**3 - 27*v**2/2 + 2*v - 233. Let i = -8 + 1. List the prime factors of x(i).
2
Suppose 0 = -3*d - 5*g + 4271, -2*g - 1409 = 5*d - 6*d. Suppose 4*y - s - 1510 = d, -20 = -4*s. List the prime factors of y.
733
Let z = 6425 - 899. What are the prime factors of z?
2, 3, 307
Suppose -y = 5*f - 14689, -60*y - 14673 = -5*f - 57*y. List the prime factors of f.
3, 11, 89
Let s(v) = -601*v - 5526. What are the prime factors of s(-60)?
2, 3, 7, 727
Let v be (1 - (-1 + 2))/(2 - 4). Suppose v = 3*o - 8*o + 5, 0 = -f + 2*o + 669. What are the prime factors of f?
11, 61
Let l(w) = 87*w - 104. Let z be l(7). Suppose -2*m = 4*b - 2744, 2*b + 3*m = z + 875. List the prime factors of b.
2, 3, 19
Suppose -3*w - 149 = -8*w - 2*t, -5*t + 68 = 2*w. Let p = w - 27. Suppose -p*g - 4 = 0, -k - g + 152 = k. List the prime factors of k.
7, 11
List the prime factors of (4*(-135)/(-70))/((-1)/(-49)).
2, 3, 7
Let c(v) = -395*v - 11000. What are the prime factors of c(-42)?
2, 5, 13, 43
Let y = 315 - 310. Suppose 4*s - 3*g - 2188 = 1979, y*s = -2*g + 5203. List the prime factors of s.
3, 347
Let f = 130569 + -72536. List the prime factors of f.
131, 443
Suppose 3*s + 11*i - 7*i - 47533 = 0, -3*i = 2*s - 31687. List the prime factors of s.
11, 131
What are the prime factors of (-36)/132 - (-427428)/44?
2, 3, 1619
Suppose r - 4*v - 25237 = 0, -5*r - 19*v + 126253 = -22*v. What are the prime factors of r?
25253
Let w(i) = 6*i**2 + 11. Let y be w(-7). Suppose 2*g - 687 - y = -2*c, g - 5*c = 496. What are the prime factors of g?
2, 31
Let b be (-274)/(-6) - (-36)/(-54). Suppose 0 = 3*o + b*w - 44*w - 1804, -w - 1211 = -2*o. List the prime factors of o.
3, 67
Let d = 21222 + -13476. List the prime factors of d.
2, 3, 1291
Let k = -1459 - -3233. Suppose 0*c - k = -3*j + 5*c, -2*j = -3*c - 1184. What are the prime factors of j?
2, 13, 23
Suppose -q + 104291 = 5*v, -4*v = 4*q - 91607 + 8187. What are the prime factors of v?
3, 17, 409
Let o(y) be the first derivative of y**3 + 21*y**2/2 + 51*y + 103. List the prime factors of o(-13).
3, 5, 19
Suppose 25*k = -422606 + 1010962 + 1359794. What are the prime factors of k?
2, 47, 829
List the prime factors of (-2089)/((7 - -8)/(-15)).
2089
What are the prime factors of (-6)/(-36) - 12/54*(-153750)/8?
4271
Suppose 0 = 101*p + 388962 - 1318667. List the prime factors of p.
5, 7, 263
Let d(a) = a**3 - 20*a**2 - 22*a + 47. Let x be d(21). Let r = 27 - x. What are the prime factors of r/2 + 1996/8?
2, 5
Let f(j) = 16*j**2 - 50*j - 27. Let t(q) = 8*q**2 - 25*q - 13. Let x(g) = -2*f(g) + 5*t(g). What are the prime factors of x(8)?
7, 43
Let w(o) = -o**2 - 11*o - 18. Let k be w(-9). Suppose k*f - d - 45 = -2*f, 0 = 5*f - 4*d - 108. Suppose 3*t = 